s of 5697435538?
2, 16007, 177967
List the prime factors of 3099331294.
2, 10061, 154027
What are the prime factors of 1213833209?
359, 3381151
List the prime factors of 98338004.
2, 24584501
What are the prime factors of 388893485?
5, 59, 1318283
List the prime factors of 63164069.
37, 1707137
What are the prime factors of 426028089?
3, 19, 41, 182297
List the prime factors of 155002715.
5, 7, 1571, 2819
List the prime factors of 1284452947.
1284452947
List the prime factors of 4730720733.
3, 761, 230239
What are the prime factors of 95493075?
3, 5, 1273241
What are the prime factors of 56838010?
2, 5, 5683801
List the prime factors of 3182750.
2, 5, 29, 439
What are the prime factors of 403919862?
2, 3, 67319977
What are the prime factors of 31837464?
2, 3, 17, 19, 37
What are the prime factors of 33600387?
3, 11200129
What are the prime factors of 442804986?
2, 3, 13, 1892329
List the prime factors of 198367608.
2, 3, 61, 135497
List the prime factors of 885173430.
2, 3, 5, 29505781
What are the prime factors of 3523485001?
19, 185446579
What are the prime factors of 3620980?
2, 5, 11, 109, 151
What are the prime factors of 163060901?
307, 531143
What are the prime factors of 1904917713?
3, 19, 239, 139831
List the prime factors of 252933296.
2, 7, 11, 139, 211
What are the prime factors of 703406051?
703406051
What are the prime factors of 206233187?
206233187
List the prime factors of 433226381.
7, 61889483
List the prime factors of 494255150.
2, 5, 9885103
What are the prime factors of 685196?
2, 171299
List the prime factors of 694444410.
2, 3, 5, 11, 43, 1483
What are the prime factors of 99718772?
2, 47, 131, 4049
What are the prime factors of 4592652906?
2, 3, 19, 40286429
List the prime factors of 256419194.
2, 17, 53, 142297
What are the prime factors of 3963481068?
2, 3, 31, 10654519
What are the prime factors of 1824222935?
5, 364844587
List the prime factors of 1851897126.
2, 3, 179, 1724299
List the prime factors of 377949482.
2, 19, 9946039
List the prime factors of 153494133.
3, 13, 43, 91529
What are the prime factors of 77742508?
2, 167, 116381
List the prime factors of 4070706216.
2, 3, 8969, 18911
List the prime factors of 1014001062.
2, 3, 1237, 136621
What are the prime factors of 160792696?
2, 281, 71527
List the prime factors of 2138205206.
2, 29, 36865607
What are the prime factors of 398415115?
5, 7, 11383289
What are the prime factors of 840870983?
17, 49462999
What are the prime factors of 220203132?
2, 3, 37, 495953
List the prime factors of 23345843.
79, 295517
List the prime factors of 194186482.
2, 7, 13870463
What are the prime factors of 1182963868?
2, 47, 6292361
List the prime factors of 28863006.
2, 3, 4810501
List the prime factors of 71804519.
467, 153757
What are the prime factors of 841844891?
841844891
What are the prime factors of 511692807?
3, 47, 3629027
What are the prime factors of 97096097?
7, 283079
What are the prime factors of 144925235?
5, 7, 13, 443, 719
List the prime factors of 829695406.
2, 43, 59, 101, 1619
What are the prime factors of 1246372110?
2, 3, 5, 1538731
List the prime factors of 60410806.
2, 30205403
What are the prime factors of 60829780?
2, 5, 11, 276499
List the prime factors of 48837556.
2, 23, 530843
What are the prime factors of 28916324?
2, 263, 27487
List the prime factors of 167937595.
5, 7, 73, 65729
What are the prime factors of 3436750317?
3, 7, 11, 13, 1144439
List the prime factors of 3501769681.
3501769681
List the prime factors of 179283190.
2, 5, 17, 1054607
List the prime factors of 416728057.
29, 14369933
List the prime factors of 684681384.
2, 3, 127, 224633
What are the prime factors of 3213419257?
22963, 139939
What are the prime factors of 348937243?
223, 1564741
List the prime factors of 418776399.
3, 73, 70823
List the prime factors of 2213755416.
2, 3, 83, 370441
List the prime factors of 995005440.
2, 3, 5, 11, 13, 151
List the prime factors of 364581395.
5, 23, 149, 21277
List the prime factors of 213580909.
37, 5772457
List the prime factors of 16621657.
13, 59, 1667
What are the prime factors of 141203043?
3, 2069, 7583
List the prime factors of 1353043853.
7, 167, 1157437
List the prime factors of 9336523.
7, 181, 7369
What are the prime factors of 1276476922?
2, 7, 91176923
List the prime factors of 902512686.
2, 3, 23, 107, 61121
What are the prime factors of 1225548456?
2, 3, 11, 67, 193, 359
List the prime factors of 1991321338.
2, 67, 727, 20441
List the prime factors of 5507995.
5, 61, 18059
List the prime factors of 35160781.
35160781
What are the prime factors of 160353167?
13, 863, 14293
List the prime factors of 6246453598.
2, 7, 11, 127, 277, 1153
List the prime factors of 1214191709.
131, 9268639
What are the prime factors of 174800918?
2, 251, 348209
List the prime factors of 91005317.
13, 59, 9127
What are the prime factors of 69066250?
2, 5, 11, 5023
What are the prime factors of 372770470?
2, 5, 3623, 10289
List the prime factors of 329674922.
2, 164837461
What are the prime factors of 43096560?
2, 3, 5, 13, 19, 727
What are the prime factors of 2002888111?
7, 277, 1032949
List the prime factors of 1948042037.
271, 7188347
What are the prime factors of 120312762?
2, 3, 47, 426641
List the prime factors of 690840721.
71, 137, 71023
List the prime factors of 145120279.
17, 41, 208207
List the prime factors of 4915757095.
5, 2309, 425791
What are the prime factors of 3329962417?
79, 42151423
List the prime factors of 119050026.
2, 3, 2459, 8069
What are the prime factors of 6427809?
3, 317, 751
List the prime factors of 193717409.
47, 4121647
List the prime factors of 42372459.
3, 2039, 2309
What are the prime factors of 5103090?
2, 3, 5, 56701
What are the prime factors of 3048786623?
739, 811, 5087
List the prime factors of 1602563388.
2, 3, 37, 43, 83939
List the prime factors of 247582873.
37, 599, 11171
List the prime factors of 374982260.
2, 5, 17, 131, 8419
What are the prime factors of 4531640?
2, 5, 193, 587
What are the prime factors of 14474666?
2, 7237333
List the prime factors of 192158680.
2, 5, 7, 67, 10243
List the prime factors of 272762496.
2, 3, 236773
List the prime factors of 361933211.
181, 1999631
List the prime factors of 1925623320.
2, 3, 5, 17, 163, 5791
List the prime factors of 405234174.
2, 3, 359, 419, 449
What are the prime factors of 2708428163?
7, 277, 1396817
What are the prime factors of 96069443?
53, 439, 4129
What are the prime factors of 493130259?
3, 4463, 12277
List the prime factors of 1303103069.
16103, 80923
List the prime factors of 404331392.
2, 3158839
What are the prime factors of 864221715?
3, 5, 7, 2743561
What are the prime factors of 1435463944?
2, 179432993
List the prime factors of 2210379538.
2, 149, 1831, 4051
List the prime factors of 850460581.
17, 23, 41, 53051
What are the prime factors of 431150022?
2, 3, 17, 1408987
What are the prime factors of 1118368941?
3, 277, 1345811
What are the prime factors of 27329009?
181, 150989
List the prime factors of 835683431.
11, 359, 211619
What are the prime factors of 415579943?
17, 53, 379, 1217
What are the prime factors of 1956537303?
3, 7, 1987, 46889
What are the prime factors of 50685?
3, 5, 31, 109
List the prime factors of 96282472.
2, 11, 13, 84163
What are the prime factors of 8688756?
2, 3, 23, 31481
What are the prime factors of 458614207?
29, 3877, 4079
List the prime factors of 36309822.
2, 3, 79, 76603
List the prime factors of 25782673.
7, 37, 14221
What are the prime factors of 5872072377?
3, 6709, 291751
What are the prime factors of 146026663?
10133, 14411
What are the prime factors of 3251033674?
2, 7, 31, 53, 61, 331
What are the prime factors of 1230459784?
2, 10667, 14419
What are the prime factors of 2862195566?
2, 47, 163, 367, 509
List the prime factors of 3809264401.
1289, 2955209
List the prime factors of 74029668.
2, 3, 6169139
What are the prime factors of 298103356?
2, 3109, 23971
What are the prime factors of 2202321371?
2202321371
List the prime factors of 3696509119.
41, 90158759
List the prime factors of 1468255762.
2, 17, 1949, 22157
List the prime factors of 56166255.
3, 5, 241, 5179
What are the prime factors of 55357575?
3, 5, 7, 13, 8111
What are the prime factors of 40376060?
2, 5, 59, 34